{"id":1687,"date":"2023-07-11T11:58:39","date_gmt":"2023-07-11T09:58:39","guid":{"rendered":"https:\/\/juliettepotin.com\/?page_id=1687"},"modified":"2025-02-15T14:59:49","modified_gmt":"2025-02-15T13:59:49","slug":"find-your-path","status":"publish","type":"page","link":"https:\/\/juliettepotin.com\/index.php\/english-homepage\/find-your-path\/","title":{"rendered":"Find your path"},"content":{"rendered":"<p><span style=\"width: 100%;\"><a href=\"https:\/\/juliettepotin.com\" rel=\"\"><img decoding=\"async\" alt=\"\" width=\"295\" height=\"91\" title=\"Juliette Potin Expat coach\" data-id=\"1848\" src=\"https:\/\/juliettepotin.com\/wp-content\/uploads\/2019\/07\/Version-2-lignes-1.jpg?x45782\" style=\"aspect-ratio: auto 2235 \/ 690;\" data-width=\"295\" data-height=\"91\" data-init-width=\"2235\" data-init-height=\"690\" loading=\"lazy\" mt-d=\"-0.9375\" ml-d=\"-1\"><\/a><\/span><\/p>\n<h1 style=\"text-align: center;\"><span><span>Find your&nbsp;<span style=\"color: var(--tcb-color-3) !important; --tcb-applied-color: var$(--tcb-color-3) !important;\">path<\/span><\/span><\/span><\/h1>\n<h1 style=\"text-align: center;\"><span><span><span style=\"--tcb-applied-color: var$(--tcb-color-3) !important; color: var(--tcb-color-3) !important;\">Find<\/span> a job<\/span><\/span><span><span>&nbsp;<\/span><\/span><\/h1>\n<h2 style=\"text-align: center;\">Get your&nbsp;<span style=\"color: rgb(188, 39, 39);\">confidence <\/span><span style=\"color: var(--tcb-color-0);\">back<\/span>, clarify your goals et take action !<\/h2>\n<p><span>This program is for you if:<\/span><\/p>\n<ul>\n<li><span><span><span lang=\"EN-US\">You want to find a job or start a business but you have no idea &nbsp;what to do or where to begin<\/span>&nbsp;<\/span><\/span><\/li>\n<li><span><span><span>You are strong and accomplish a lot but you feel you&rsquo;ve lost much of your confidence &nbsp;<\/span><\/span><\/span><\/li>\n<li><span><span><span>You know you have untapped potential within you, and it&rsquo;s time to explore it.&nbsp;<\/span><\/span><\/span><\/li>\n<\/ul>\n<p><span style=\"width: 100%;\"><img decoding=\"async\" alt=\"\" width=\"163\" height=\"171\" title=\"Juliette Potin\" data-id=\"3190\" src=\"https:\/\/juliettepotin.com\/wp-content\/uploads\/2023\/01\/22006D7C-5B64-4226-B2A7-B43CE0FB4C0F_1_201_a.png?x45782\" style=\"aspect-ratio: auto 2452 \/ 2589;\" data-width=\"163\" data-height=\"171\" data-init-width=\"2452\" data-init-height=\"2589\" loading=\"lazy\"><\/span><\/p>\n<p>I truly believe that all life experiences &#8211; like living abroad &#8211; are a incredible opportunities to rediscover and reinvent yourself.&nbsp;<\/p>\n<p>As a certified coach, I guide you through the process of reconnecting with yourself, revealing your true aspirations, and confidently creating your dream business or applying to your ideal job.<\/p>\n<p><u>Contact information<\/u>: Juliette Potin \/ 06 86 94 58 76 \/ coach@juliettepotin.com &nbsp;\/ www.juliettepotin.com&nbsp;<\/p>\n<h2 style=\"\"><span data-option-inline=\"1\" data-shortcode=\"tvo_testimonial_title\" data-shortcode-name=\"Testimonial title\">I returned to France after 18 years in the US<\/span><\/h2>\n<p><span data-extra_key=\"\" data-option-inline=\"1\" data-shortcode=\"tvo_testimonial_content\"><\/p>\n<p><span lang=\"EN-US\">I returned to France after 18 years in the US. Such a transition has come with great opportunities but just as many frustrations. I quickly fell into a spiral of negativity and loss of confidence and didn&rsquo;t know where to turn. Serendipitously, I met Juliette and took part in 3 coaching sessions that turned everything around. Juliette knows just the right questions to ask, has great advice and suggestions, and helped me find myself and a sense of confidence I thought was lost somewhere in the Atlantic Ocean.<\/span>What makes Juliette different than other coaches? <span lang=\"EN-US\">The fact that she is French but has spent time as an expat herself in the US made all of our exchanges truly authentic because I knew she really understood my needs. Through visualization techniques, she really helped me regain a positive outlook and I&rsquo;ve been able to push forward with projects with more energy and less self-doubt. A bit over a year later, things have really turned around and Juliette&rsquo;s coaching was definitely a huge helping factor: I found the confidence to continue applying for jobs and finally found one! My boyfriend and I bought a house, got engaged, and are getting married very soon! Whenever things feel overwhelming by being a transplant here in Lyon, I try to take a deep breath and think back to my coaching sessions. The visualisation techniques that Juliette shared with me continue to prove helpful in so many situations! I also keep up with Juliette through her many blog posts which are always insightful and helpful. <\/span>I recommend Juliette 100%!!!<\/p>\n<p><\/span><\/p>\n<h4 style=\"\"><span data-extra_key=\"\" data-option-inline=\"1\" data-shortcode=\"tvo_testimonial_author\">Jessica<\/span><\/h4>\n<p><span data-extra_key=\"\" data-option-inline=\"1\" data-shortcode=\"tvo_testimonial_role\">French-american<\/span><\/p>\n<h2 style=\"\"><span data-option-inline=\"1\" data-shortcode=\"tvo_testimonial_title\" data-shortcode-name=\"Testimonial title\">At the end of the workshop, I knew what I wanted to do<\/span><\/h2>\n<p><span data-extra_key=\"\" data-option-inline=\"1\" data-shortcode=\"tvo_testimonial_content\"><\/p>\n<p>I am a very visual person. Visualizing &amp; manifesting have become important parts of my daily routines now. Putting my dreams and visions on paper or on a visionboard makes them become more real, at least in my head. Then the magic happens.<\/p>\n<p>I start to plan, take the first steps, meet the right people. The workshop &lsquo;Find your Ikigai&rsquo; by Juliette in Lyon last summer was a real turnaround point for me. During the session I needed to structure my thoughts and values, explain them and at the end of the day I knew what I wanted to do. I wanted to work in the holistic field and work with food and sustainability. I didn&rsquo;t know yet how, but I knew what. And now I have this wonderful feed and I am almost finished with my Institute for Integrative Nutrition course.<\/p>\n<p><\/span><\/p>\n<h4 style=\"\"><span data-extra_key=\"\" data-option-inline=\"1\" data-shortcode=\"tvo_testimonial_author\">Sarah-Lena Smutny<\/span><\/h4>\n<p><span data-extra_key=\"\" data-option-inline=\"1\" data-shortcode=\"tvo_testimonial_role\">The slow mundane<\/span><\/p>\n<h2 style=\"\"><span data-option-inline=\"1\" data-shortcode=\"tvo_testimonial_title\" data-shortcode-name=\"Testimonial title\">I uncovered talents in me that I hadn\u2019t even realized I had<\/span><\/h2>\n<p><span data-extra_key=\"\" data-option-inline=\"1\" data-shortcode=\"tvo_testimonial_content\"><\/p>\n<p>I reached out to Juliette with the goal of finding a job in France after spending many years in the United States. Specifically, I was hoping to secure a teaching position so that I could move my whole family back in time for the next school year. However, I doubted my abilities and had already experienced a previous return to France that was not professionally fulfilling.<\/p>\n<p>Today, just a few weeks before the end of the year, I have a job lined up for the new school year\u2014and, more importantly, I have a big dream in mind: launching an eco-friendly event venue. I feel truly <strong>empowered<\/strong>; this coaching experience has uncovered talents in me that I hadn\u2019t even realized I had.<\/p>\n<p>Whenever doubts resurface, I think back to our sessions, which help me take a step back and move forward. Another sign that this coaching has transformed me? I talk about my project to everyone!<\/p>\n<p>I highly recommend working with Juliette. I felt supported without judgment, encouraged in my dreams, and guided in the concrete implementation of my action plan.<\/p>\n<p><\/span><\/p>\n<h4 style=\"\"><span data-extra_key=\"\" data-option-inline=\"1\" data-shortcode=\"tvo_testimonial_author\">Deborah &#8211; After many years in the US<\/span><\/h4>\n<p><span data-extra_key=\"\" data-option-inline=\"1\" data-shortcode=\"tvo_testimonial_role\"><\/span><\/p>\n<p>&nbsp; &nbsp; &nbsp;\u00a9 Copyright 2018 &nbsp;| Juliette Potin | All Rights Re<span style=\"color: var(--tcb-color-0);\">served | <a href=\"http:\/\/juliettepotin.com\/index.php\/mentions-legales\/\" target=\"_blank\" style=\"outline: none;\" rel=\"noopener\">Mentions l\u00e9gales<\/a><\/span><\/p>\n","protected":false},"excerpt":{"rendered":"<p>Find your&nbsp;path Find a job&nbsp; Get your&nbsp;confidence back, clarify your goals et take action ! This program is for you if: You want to find a job or start a [&hellip;]<\/p>\n","protected":false},"author":1,"featured_media":0,"parent":143,"menu_order":0,"comment_status":"closed","ping_status":"closed","template":"fullwidth-page.php","meta":{"_exactmetrics_skip_tracking":false,"_exactmetrics_sitenote_active":false,"_exactmetrics_sitenote_note":"","_exactmetrics_sitenote_category":0,"footnotes":""},"class_list":["post-1687","page","type-page","status-publish","hentry"],"yoast_head":"<!-- This site is optimized with the Yoast SEO plugin v27.4 - https:\/\/yoast.com\/product\/yoast-seo-wordpress\/ -->\n<title>Find your path - Expat coach<\/title>\n<meta name=\"robots\" content=\"index, follow, max-snippet:-1, max-image-preview:large, max-video-preview:-1\" \/>\n<link rel=\"canonical\" href=\"https:\/\/juliettepotin.com\/index.php\/english-homepage\/find-your-path\/\" \/>\n<meta property=\"og:locale\" content=\"fr_FR\" \/>\n<meta property=\"og:type\" content=\"article\" \/>\n<meta property=\"og:title\" content=\"Find your path - Expat coach\" \/>\n<meta property=\"og:description\" content=\"Find your&nbsp;path Find a job&nbsp; Get your&nbsp;confidence back, clarify your goals et take action ! This program is for you if: You want to find a job or start a [&hellip;]\" \/>\n<meta property=\"og:url\" content=\"https:\/\/juliettepotin.com\/index.php\/english-homepage\/find-your-path\/\" \/>\n<meta property=\"og:site_name\" content=\"Expat coach\" \/>\n<meta property=\"article:publisher\" content=\"https:\/\/www.facebook.com\/PotinJulietteCoach\/\" \/>\n<meta property=\"article:modified_time\" content=\"2025-02-15T13:59:49+00:00\" \/>\n<meta property=\"og:image\" content=\"https:\/\/juliettepotin.com\/wp-content\/uploads\/2019\/07\/Version-2-lignes-1.jpg?x45782\" \/>\n<meta name=\"twitter:card\" content=\"summary_large_image\" \/>\n<meta name=\"twitter:label1\" content=\"Dur\u00e9e de lecture estim\u00e9e\" \/>\n\t<meta name=\"twitter:data1\" content=\"4 minutes\" \/>\n<script type=\"application\/ld+json\" class=\"yoast-schema-graph\">{\"@context\":\"https:\\\/\\\/schema.org\",\"@graph\":[{\"@type\":\"WebPage\",\"@id\":\"https:\\\/\\\/juliettepotin.com\\\/index.php\\\/english-homepage\\\/find-your-path\\\/\",\"url\":\"https:\\\/\\\/juliettepotin.com\\\/index.php\\\/english-homepage\\\/find-your-path\\\/\",\"name\":\"Find your path - Expat coach\",\"isPartOf\":{\"@id\":\"https:\\\/\\\/juliettepotin.com\\\/#website\"},\"primaryImageOfPage\":{\"@id\":\"https:\\\/\\\/juliettepotin.com\\\/index.php\\\/english-homepage\\\/find-your-path\\\/#primaryimage\"},\"image\":{\"@id\":\"https:\\\/\\\/juliettepotin.com\\\/index.php\\\/english-homepage\\\/find-your-path\\\/#primaryimage\"},\"thumbnailUrl\":\"https:\\\/\\\/juliettepotin.com\\\/wp-content\\\/uploads\\\/2019\\\/07\\\/Version-2-lignes-1.jpg?x45782\",\"datePublished\":\"2023-07-11T09:58:39+00:00\",\"dateModified\":\"2025-02-15T13:59:49+00:00\",\"breadcrumb\":{\"@id\":\"https:\\\/\\\/juliettepotin.com\\\/index.php\\\/english-homepage\\\/find-your-path\\\/#breadcrumb\"},\"inLanguage\":\"fr-FR\",\"potentialAction\":[{\"@type\":\"ReadAction\",\"target\":[\"https:\\\/\\\/juliettepotin.com\\\/index.php\\\/english-homepage\\\/find-your-path\\\/\"]}]},{\"@type\":\"ImageObject\",\"inLanguage\":\"fr-FR\",\"@id\":\"https:\\\/\\\/juliettepotin.com\\\/index.php\\\/english-homepage\\\/find-your-path\\\/#primaryimage\",\"url\":\"https:\\\/\\\/juliettepotin.com\\\/wp-content\\\/uploads\\\/2019\\\/07\\\/Version-2-lignes-1.jpg\",\"contentUrl\":\"https:\\\/\\\/juliettepotin.com\\\/wp-content\\\/uploads\\\/2019\\\/07\\\/Version-2-lignes-1.jpg\",\"width\":2235,\"height\":690},{\"@type\":\"BreadcrumbList\",\"@id\":\"https:\\\/\\\/juliettepotin.com\\\/index.php\\\/english-homepage\\\/find-your-path\\\/#breadcrumb\",\"itemListElement\":[{\"@type\":\"ListItem\",\"position\":1,\"name\":\"Home\",\"item\":\"https:\\\/\\\/juliettepotin.com\\\/\"},{\"@type\":\"ListItem\",\"position\":2,\"name\":\"English Homepage\",\"item\":\"https:\\\/\\\/juliettepotin.com\\\/index.php\\\/english-homepage\\\/\"},{\"@type\":\"ListItem\",\"position\":3,\"name\":\"Find your path\"}]},{\"@type\":\"WebSite\",\"@id\":\"https:\\\/\\\/juliettepotin.com\\\/#website\",\"url\":\"https:\\\/\\\/juliettepotin.com\\\/\",\"name\":\"Expat coach\",\"description\":\"The start of a new YOU\",\"publisher\":{\"@id\":\"https:\\\/\\\/juliettepotin.com\\\/#\\\/schema\\\/person\\\/ce6521de52bc72045131c9ea6e7dea42\"},\"potentialAction\":[{\"@type\":\"SearchAction\",\"target\":{\"@type\":\"EntryPoint\",\"urlTemplate\":\"https:\\\/\\\/juliettepotin.com\\\/?s={search_term_string}\"},\"query-input\":{\"@type\":\"PropertyValueSpecification\",\"valueRequired\":true,\"valueName\":\"search_term_string\"}}],\"inLanguage\":\"fr-FR\"},{\"@type\":[\"Person\",\"Organization\"],\"@id\":\"https:\\\/\\\/juliettepotin.com\\\/#\\\/schema\\\/person\\\/ce6521de52bc72045131c9ea6e7dea42\",\"name\":\"Juliette Potin\",\"image\":{\"@type\":\"ImageObject\",\"inLanguage\":\"fr-FR\",\"@id\":\"https:\\\/\\\/juliettepotin.com\\\/wp-content\\\/uploads\\\/2023\\\/01\\\/22006D7C-5B64-4226-B2A7-B43CE0FB4C0F_1_201_a-970x1024.png\",\"url\":\"https:\\\/\\\/juliettepotin.com\\\/wp-content\\\/uploads\\\/2023\\\/01\\\/22006D7C-5B64-4226-B2A7-B43CE0FB4C0F_1_201_a-970x1024.png\",\"contentUrl\":\"https:\\\/\\\/juliettepotin.com\\\/wp-content\\\/uploads\\\/2023\\\/01\\\/22006D7C-5B64-4226-B2A7-B43CE0FB4C0F_1_201_a-970x1024.png\",\"width\":970,\"height\":1024,\"caption\":\"Juliette Potin\"},\"logo\":{\"@id\":\"https:\\\/\\\/juliettepotin.com\\\/wp-content\\\/uploads\\\/2023\\\/01\\\/22006D7C-5B64-4226-B2A7-B43CE0FB4C0F_1_201_a-970x1024.png\"},\"description\":\"Je suis Juliette Potin, coach professionnelle depuis 2018. J'ai v\u00e9cu plusieurs ann\u00e9es \u00e0 l'\u00e9tranger,notamment aux Etats-Unis o\u00f9 je me retrouve \u00e0 la maison apr\u00e8s 15 ans de postes \u00e0 responsabilit\u00e9 dans l'industrie. L'exp\u00e9rience de ne plus pouvoir me d\u00e9finir par mon statut social est d\u00e9stabilisante, celle d'avoir du temps devant moi : vertigineuse! Petit \u00e0 petit, en me reconnectant \u00e0 moi-m\u00eame et \u00e0 mes aspirations, je me suis autoris\u00e9e \u00e0 me r\u00e9-inventer. Aujourd'hui de retour en France, j'accompagne les personnes qui ont un temps mis leur carri\u00e8re entre parenth\u00e8ses, \u00e0 reprendre confiance, r\u00e9v\u00e9ler leurs talents et suivre leurs \u00e9lans pour (re)trouver une activit\u00e9 pro align\u00e9e avec qui elles sont.\",\"sameAs\":[\"https:\\\/\\\/www.facebook.com\\\/PotinJulietteCoach\\\/\",\"https:\\\/\\\/www.linkedin.com\\\/in\\\/juliette-potin-expat-coach\\\/\"]}]}<\/script>\n<!-- \/ Yoast SEO plugin. -->","yoast_head_json":{"title":"Find your path - Expat coach","robots":{"index":"index","follow":"follow","max-snippet":"max-snippet:-1","max-image-preview":"max-image-preview:large","max-video-preview":"max-video-preview:-1"},"canonical":"https:\/\/juliettepotin.com\/index.php\/english-homepage\/find-your-path\/","og_locale":"fr_FR","og_type":"article","og_title":"Find your path - Expat coach","og_description":"Find your&nbsp;path Find a job&nbsp; Get your&nbsp;confidence back, clarify your goals et take action ! This program is for you if: You want to find a job or start a [&hellip;]","og_url":"https:\/\/juliettepotin.com\/index.php\/english-homepage\/find-your-path\/","og_site_name":"Expat coach","article_publisher":"https:\/\/www.facebook.com\/PotinJulietteCoach\/","article_modified_time":"2025-02-15T13:59:49+00:00","og_image":[{"url":"https:\/\/juliettepotin.com\/wp-content\/uploads\/2019\/07\/Version-2-lignes-1.jpg?x45782","type":"","width":"","height":""}],"twitter_card":"summary_large_image","twitter_misc":{"Dur\u00e9e de lecture estim\u00e9e":"4 minutes"},"schema":{"@context":"https:\/\/schema.org","@graph":[{"@type":"WebPage","@id":"https:\/\/juliettepotin.com\/index.php\/english-homepage\/find-your-path\/","url":"https:\/\/juliettepotin.com\/index.php\/english-homepage\/find-your-path\/","name":"Find your path - Expat coach","isPartOf":{"@id":"https:\/\/juliettepotin.com\/#website"},"primaryImageOfPage":{"@id":"https:\/\/juliettepotin.com\/index.php\/english-homepage\/find-your-path\/#primaryimage"},"image":{"@id":"https:\/\/juliettepotin.com\/index.php\/english-homepage\/find-your-path\/#primaryimage"},"thumbnailUrl":"https:\/\/juliettepotin.com\/wp-content\/uploads\/2019\/07\/Version-2-lignes-1.jpg?x45782","datePublished":"2023-07-11T09:58:39+00:00","dateModified":"2025-02-15T13:59:49+00:00","breadcrumb":{"@id":"https:\/\/juliettepotin.com\/index.php\/english-homepage\/find-your-path\/#breadcrumb"},"inLanguage":"fr-FR","potentialAction":[{"@type":"ReadAction","target":["https:\/\/juliettepotin.com\/index.php\/english-homepage\/find-your-path\/"]}]},{"@type":"ImageObject","inLanguage":"fr-FR","@id":"https:\/\/juliettepotin.com\/index.php\/english-homepage\/find-your-path\/#primaryimage","url":"https:\/\/juliettepotin.com\/wp-content\/uploads\/2019\/07\/Version-2-lignes-1.jpg","contentUrl":"https:\/\/juliettepotin.com\/wp-content\/uploads\/2019\/07\/Version-2-lignes-1.jpg","width":2235,"height":690},{"@type":"BreadcrumbList","@id":"https:\/\/juliettepotin.com\/index.php\/english-homepage\/find-your-path\/#breadcrumb","itemListElement":[{"@type":"ListItem","position":1,"name":"Home","item":"https:\/\/juliettepotin.com\/"},{"@type":"ListItem","position":2,"name":"English Homepage","item":"https:\/\/juliettepotin.com\/index.php\/english-homepage\/"},{"@type":"ListItem","position":3,"name":"Find your path"}]},{"@type":"WebSite","@id":"https:\/\/juliettepotin.com\/#website","url":"https:\/\/juliettepotin.com\/","name":"Expat coach","description":"The start of a new YOU","publisher":{"@id":"https:\/\/juliettepotin.com\/#\/schema\/person\/ce6521de52bc72045131c9ea6e7dea42"},"potentialAction":[{"@type":"SearchAction","target":{"@type":"EntryPoint","urlTemplate":"https:\/\/juliettepotin.com\/?s={search_term_string}"},"query-input":{"@type":"PropertyValueSpecification","valueRequired":true,"valueName":"search_term_string"}}],"inLanguage":"fr-FR"},{"@type":["Person","Organization"],"@id":"https:\/\/juliettepotin.com\/#\/schema\/person\/ce6521de52bc72045131c9ea6e7dea42","name":"Juliette Potin","image":{"@type":"ImageObject","inLanguage":"fr-FR","@id":"https:\/\/juliettepotin.com\/wp-content\/uploads\/2023\/01\/22006D7C-5B64-4226-B2A7-B43CE0FB4C0F_1_201_a-970x1024.png","url":"https:\/\/juliettepotin.com\/wp-content\/uploads\/2023\/01\/22006D7C-5B64-4226-B2A7-B43CE0FB4C0F_1_201_a-970x1024.png","contentUrl":"https:\/\/juliettepotin.com\/wp-content\/uploads\/2023\/01\/22006D7C-5B64-4226-B2A7-B43CE0FB4C0F_1_201_a-970x1024.png","width":970,"height":1024,"caption":"Juliette Potin"},"logo":{"@id":"https:\/\/juliettepotin.com\/wp-content\/uploads\/2023\/01\/22006D7C-5B64-4226-B2A7-B43CE0FB4C0F_1_201_a-970x1024.png"},"description":"Je suis Juliette Potin, coach professionnelle depuis 2018. J'ai v\u00e9cu plusieurs ann\u00e9es \u00e0 l'\u00e9tranger,notamment aux Etats-Unis o\u00f9 je me retrouve \u00e0 la maison apr\u00e8s 15 ans de postes \u00e0 responsabilit\u00e9 dans l'industrie. L'exp\u00e9rience de ne plus pouvoir me d\u00e9finir par mon statut social est d\u00e9stabilisante, celle d'avoir du temps devant moi : vertigineuse! Petit \u00e0 petit, en me reconnectant \u00e0 moi-m\u00eame et \u00e0 mes aspirations, je me suis autoris\u00e9e \u00e0 me r\u00e9-inventer. Aujourd'hui de retour en France, j'accompagne les personnes qui ont un temps mis leur carri\u00e8re entre parenth\u00e8ses, \u00e0 reprendre confiance, r\u00e9v\u00e9ler leurs talents et suivre leurs \u00e9lans pour (re)trouver une activit\u00e9 pro align\u00e9e avec qui elles sont.","sameAs":["https:\/\/www.facebook.com\/PotinJulietteCoach\/","https:\/\/www.linkedin.com\/in\/juliette-potin-expat-coach\/"]}]}},"_links":{"self":[{"href":"https:\/\/juliettepotin.com\/index.php\/wp-json\/wp\/v2\/pages\/1687","targetHints":{"allow":["GET"]}}],"collection":[{"href":"https:\/\/juliettepotin.com\/index.php\/wp-json\/wp\/v2\/pages"}],"about":[{"href":"https:\/\/juliettepotin.com\/index.php\/wp-json\/wp\/v2\/types\/page"}],"author":[{"embeddable":true,"href":"https:\/\/juliettepotin.com\/index.php\/wp-json\/wp\/v2\/users\/1"}],"replies":[{"embeddable":true,"href":"https:\/\/juliettepotin.com\/index.php\/wp-json\/wp\/v2\/comments?post=1687"}],"version-history":[{"count":3,"href":"https:\/\/juliettepotin.com\/index.php\/wp-json\/wp\/v2\/pages\/1687\/revisions"}],"predecessor-version":[{"id":4292,"href":"https:\/\/juliettepotin.com\/index.php\/wp-json\/wp\/v2\/pages\/1687\/revisions\/4292"}],"up":[{"embeddable":true,"href":"https:\/\/juliettepotin.com\/index.php\/wp-json\/wp\/v2\/pages\/143"}],"wp:attachment":[{"href":"https:\/\/juliettepotin.com\/index.php\/wp-json\/wp\/v2\/media?parent=1687"}],"curies":[{"name":"wp","href":"https:\/\/api.w.org\/{rel}","templated":true}]}}